{"id":2,"date":"2016-07-30T14:21:21","date_gmt":"2016-07-30T14:21:21","guid":{"rendered":"http:\/\/www.dfdb-grosssanktnikolaus.ro\/dfdb-blog\/?page_id=2"},"modified":"2017-08-29T07:31:03","modified_gmt":"2017-08-29T04:31:03","slug":"about","status":"publish","type":"page","link":"https:\/\/www.dfdb-grosssanktnikolaus.ro\/dfdb-blog\/about\/","title":{"rendered":"\u00dcber uns"},"content":{"rendered":"<p>Das Demokratische Forum der Deutschen in Gro\u00dfsanktnikolaus (kurz Forum) wurde zeitgleich mit einigen anderen regionalen oder lokalen Foren gegr\u00fcndet. Zu der konstitutionierenden Sitzung in Temeswar (am 5.01.1990) sind aus Gro\u00dfsanktnikolaus jene Vertreter gefahren, die tags davor auf der spontan zusammengerufenen Sitzung auf demokratische Weise delegiert worden waren. Hunderte Deutsche hatten dem Aufruf von meinem damaligen Wegbegleiter Prof. Hans Mausz und mir Folge geleistet und in einer Atmosph\u00e4re von gro\u00dfer Euphorie begann man die erst ganz k\u00fcrzlich erlangte Freiheit auch in dem Sinne zu n\u00fctzen, dass man \u00f6ffentlich \u00fcber die Belange unserer Minderheit sprach, was bis zu diesem Zeitpunkt ein Ding der Unm\u00f6glichkeit war.<br \/>\nWir, die damals mittlere Generation, hatten kein richtiges Vereinsleben kennen gelernt, so dass in der ersten Etappe die T\u00e4tigkeit eher von einem Suchen nach Priorit\u00e4ten und ein Reagieren auf Augenblicksprobleme gepr\u00e4gt war. Hilfreich war die offizielle Gr\u00fcndung des Landesforums und sp\u00e4ter des Banater Forums und die Einbindung unseres Lokalforums in die \u00fcbergeordneten Strukturen. Doch genauso hilfreich war die massive Unterst\u00fctzung aus Deutschland, sei es von Seiten der Bundesregierung oder seitens vieler Vereine und Privatpersonen sowohl bei der Ausstattung des Forumssitzes (damals ein Miethaus ), als auch als humanit\u00e4re Hilfe. Sp\u00e4ter kam finazielle Hilfe, vor allem f\u00fcr Projekte, auch seitens der Rum\u00e4nischen Regierung .<br \/>\nNeue Aufgaben kamen st\u00e4ndig hinzu, wie z.B. das erleichterte Erlangen der Visa f\u00fcr einen Besuch in Deutschland \u00fcber das Forum.<\/p>\n<p>Mit den Jahren haben sich folgende Hauptaufgabengebiete des Lokalforums herausgebildet:<br \/>\n\u2013 Organisation und Durchf\u00fchren von Veranstaltungen, welche die lokalen deutschen Sitten und Br\u00e4uche weiterf\u00fchren, z.B. in den 90-ger Jahren Kirchweihfeste, sp\u00e4ter Erntedankfeste, Advent- und Weihnachtsbegegnungen, Faschingsfeste usw<br \/>\n<a href=\"https:\/\/www.dfdb-grosssanktnikolaus.ro\/dfdb-blog\/wp-content\/uploads\/2016\/07\/DSCF3519.jpg\"><img decoding=\"async\" loading=\"lazy\" class=\"alignnone size-medium wp-image-134\" src=\"https:\/\/www.dfdb-grosssanktnikolaus.ro\/dfdb-blog\/wp-content\/uploads\/2016\/07\/DSCF3519-300x225.jpg\" alt=\"\" width=\"300\" height=\"225\" srcset=\"https:\/\/www.dfdb-grosssanktnikolaus.ro\/dfdb-blog\/wp-content\/uploads\/2016\/07\/DSCF3519-300x225.jpg 300w, https:\/\/www.dfdb-grosssanktnikolaus.ro\/dfdb-blog\/wp-content\/uploads\/2016\/07\/DSCF3519.jpg 516w\" sizes=\"(max-width: 300px) 100vw, 300px\" \/><\/a><br \/>\n<a href=\"https:\/\/www.dfdb-grosssanktnikolaus.ro\/dfdb-blog\/wp-content\/uploads\/2016\/07\/DSCF4595.jpg\"><img decoding=\"async\" loading=\"lazy\" class=\"alignnone size-medium wp-image-135\" src=\"https:\/\/www.dfdb-grosssanktnikolaus.ro\/dfdb-blog\/wp-content\/uploads\/2016\/07\/DSCF4595-300x225.jpg\" alt=\"\" width=\"300\" height=\"225\" srcset=\"https:\/\/www.dfdb-grosssanktnikolaus.ro\/dfdb-blog\/wp-content\/uploads\/2016\/07\/DSCF4595-300x225.jpg 300w, https:\/\/www.dfdb-grosssanktnikolaus.ro\/dfdb-blog\/wp-content\/uploads\/2016\/07\/DSCF4595.jpg 516w\" sizes=\"(max-width: 300px) 100vw, 300px\" \/><\/a><br \/>\n.\u2013 Das Beibehalten einer deutschsprachigen Abteilung an der Schule in Gro\u00dfsanktnikolaus war von Anfang an ein Hauptanliegen des Forums, da man so den Kindern und Jugendlichen das Erlernen der deutschen Sprache sichern wollte.<br \/>\n\u00dcber H\u00f6hen und Tiefen ist es bisher gelungen vom Kindergarten bis zur achten Klasse den Unterricht in deutscher Sprache auf einem konkurrenzf\u00e4higen Niveau beizubehalten.<br \/>\n\u2013 Begegnungen in Form von Kaffeenachmittagen zu verschiedenen Anl\u00e4ssen, Kurzausfl\u00fcge<\/p>\n<p>\u2013 Mitwirken an, vor allem kulturellen Veranstaltungen, im Ort, regelm\u00e4\u00dfig auch in Temeswar, doch sporadisch auch in vielen anderen Orten im Land oder Ausland, z.B. Reschitza, Arad, Billed, Triebswetter, Hatzfeld, Birth\u00e4lm, Wolfsberg, Burgkirchen a.d. Alz, Ulm, Weingarten, Sindelfingen, Warjasch, Lenauheim. Diese T\u00e4tigkeit war reger solange auch eine Jugendgruppe des Forums bestand.<br \/>\n<a href=\"https:\/\/www.dfdb-grosssanktnikolaus.ro\/dfdb-blog\/wp-content\/uploads\/2016\/07\/DSC_0777.jpg\"><img decoding=\"async\" loading=\"lazy\" class=\"alignnone size-medium wp-image-132\" src=\"https:\/\/www.dfdb-grosssanktnikolaus.ro\/dfdb-blog\/wp-content\/uploads\/2016\/07\/DSC_0777-300x201.jpg\" alt=\"\" width=\"300\" height=\"201\" srcset=\"https:\/\/www.dfdb-grosssanktnikolaus.ro\/dfdb-blog\/wp-content\/uploads\/2016\/07\/DSC_0777-300x201.jpg 300w, https:\/\/www.dfdb-grosssanktnikolaus.ro\/dfdb-blog\/wp-content\/uploads\/2016\/07\/DSC_0777.jpg 547w\" sizes=\"(max-width: 300px) 100vw, 300px\" \/><\/a><\/p>\n<p><a href=\"https:\/\/www.dfdb-grosssanktnikolaus.ro\/dfdb-blog\/wp-content\/uploads\/2016\/07\/DSCF2729.jpg\"><img decoding=\"async\" loading=\"lazy\" class=\"alignnone size-medium wp-image-133\" src=\"https:\/\/www.dfdb-grosssanktnikolaus.ro\/dfdb-blog\/wp-content\/uploads\/2016\/07\/DSCF2729-300x225.jpg\" alt=\"\" width=\"300\" height=\"225\" srcset=\"https:\/\/www.dfdb-grosssanktnikolaus.ro\/dfdb-blog\/wp-content\/uploads\/2016\/07\/DSCF2729-300x225.jpg 300w, https:\/\/www.dfdb-grosssanktnikolaus.ro\/dfdb-blog\/wp-content\/uploads\/2016\/07\/DSCF2729.jpg 516w\" sizes=\"(max-width: 300px) 100vw, 300px\" \/><\/a><br \/>\n\u2013 Besuche von ganz unterschiedlichen Vereinen, Institutionen und Privatpersonen waren in der Anfangszeit sehr h\u00e4ufig, meist verbunden mit Spendenaktionen. Daraus ergab sich auch der Kontakt zu B\u00fcrgern aus Burgkirchen, die die einzigen geblieben sind, mit denen die Verbindung vor allem dank des Vereins,, Altenhilfe Gro\u00dfsanktnikolaus e.V.\u2019\u2019 vertieft wurde.<\/p>\n<p>\u2013 Da in Rum\u00e4nien die \u00e4rztliche Versorgung problematisch war und ist, haben wir versucht durch Zusammenarbeit zuerst mit dem Internisten Dr. Carol Kozicek und sp\u00e4ter mit der Chirurgin Dr. Zsombori Edita unseren Mitgliedern beg\u00fcnstigte Dienstleistungen in gut ausgestatteten Praxen zu bieten. Dies ist nur m\u00f6glich dank der kontinuierlichen Unterst\u00fctzung durch Burgkirchen.<\/p>\n<p>\u2013 Den Beziehungen zu lokalen Institutionen und Beh\u00f6rden wurde immer gro\u00dfe Aufmerksamkeit geschenkt, wie z.B. zum Rathaus und dem Gemeinderat, der Schule und der katholischen Kirche. Obwohl wir nie eine politische Vertretung im Stadtrat hatten, war die Zusammenarbeit mit dem Rathaus all die Jahre eine sehr gute, gepr\u00e4gt von gegenseitiger Achtung, egal welche politische Koloratur im Stadtrat vorherrschend war.<\/p>\n<p>\u2013 Die w\u00f6chentlichen \u00d6ffnungszeiten beim Forum werden vor allem zum Austausch von B\u00fcchern seitens der Sch\u00fcler aber auch von \u00e4lteren Personen gen\u00fctzt. Immer wieder gilt das Forum auch als Anlaufstelle f\u00fcr allerlei Probleme und Anliegen vor allem der Forumsmitglieder, sowie Nichtforumsmitglieder aus Gro\u00dfsanktnikolaus und Personen der umliegenden Ortschaften. F\u00fcr die verstreut in vielen D\u00f6rfern und Gemeinden um Gro\u00dfsanktnikolaus lebenden Deutschen hat unser Forum immer die Bereitschaft signalisiert, nach M\u00f6glichkeit, auch ihre Anliegen zu vertreten.<\/p>\n<p>-Weil die deutsche Gemeinschaft in Gro\u00dfsanktnikolaus zahlenm\u00e4\u00dfig klein geworden ist, versuchen wir auf verschiedene Arten an ihre \u00fcber 250-j\u00e4hrige Pr\u00e4senz zu erinnern. Eine der neuesten Bem\u00fchungen ist das Projekt ,, Friedhof der Deutschgemeinde\u00b4\u00b4.<\/p>\n<p>Dietlinde Huhn<br \/>\n31.08.2016<\/p>\n","protected":false},"excerpt":{"rendered":"<p>Das Demokratische Forum der Deutschen in Gro\u00dfsanktnikolaus (kurz Forum) wurde zeitgleich mit einigen anderen regionalen oder lokalen Foren gegr\u00fcndet. Zu der konstitutionierenden Sitzung in Temeswar (am 5.01.1990) sind aus Gro\u00dfsanktnikolaus jene Vertreter gefahren, die tags davor auf der spontan zusammengerufenen Sitzung auf demokratische Weise delegiert worden waren. Hunderte Deutsche hatten dem Aufruf von meinem damaligen [&hellip;]<\/p>\n","protected":false},"author":1,"featured_media":0,"parent":0,"menu_order":0,"comment_status":"closed","ping_status":"closed","template":"","meta":{"ngg_post_thumbnail":0},"_links":{"self":[{"href":"https:\/\/www.dfdb-grosssanktnikolaus.ro\/dfdb-blog\/wp-json\/wp\/v2\/pages\/2"}],"collection":[{"href":"https:\/\/www.dfdb-grosssanktnikolaus.ro\/dfdb-blog\/wp-json\/wp\/v2\/pages"}],"about":[{"href":"https:\/\/www.dfdb-grosssanktnikolaus.ro\/dfdb-blog\/wp-json\/wp\/v2\/types\/page"}],"author":[{"embeddable":true,"href":"https:\/\/www.dfdb-grosssanktnikolaus.ro\/dfdb-blog\/wp-json\/wp\/v2\/users\/1"}],"replies":[{"embeddable":true,"href":"https:\/\/www.dfdb-grosssanktnikolaus.ro\/dfdb-blog\/wp-json\/wp\/v2\/comments?post=2"}],"version-history":[{"count":7,"href":"https:\/\/www.dfdb-grosssanktnikolaus.ro\/dfdb-blog\/wp-json\/wp\/v2\/pages\/2\/revisions"}],"predecessor-version":[{"id":973,"href":"https:\/\/www.dfdb-grosssanktnikolaus.ro\/dfdb-blog\/wp-json\/wp\/v2\/pages\/2\/revisions\/973"}],"wp:attachment":[{"href":"https:\/\/www.dfdb-grosssanktnikolaus.ro\/dfdb-blog\/wp-json\/wp\/v2\/media?parent=2"}],"curies":[{"name":"wp","href":"https:\/\/api.w.org\/{rel}","templated":true}]}}